{"id":144,"date":"2023-03-07T09:11:43","date_gmt":"2023-03-07T09:11:43","guid":{"rendered":"https:\/\/gsoabogados.com\/?page_id=144"},"modified":"2023-06-07T12:57:02","modified_gmt":"2023-06-07T12:57:02","slug":"cohousing-senior","status":"publish","type":"page","link":"https:\/\/gsoabogados.com\/index.php\/cohousing-senior\/","title":{"rendered":"Cohousing Senior"},"content":{"rendered":"\t\t<div data-elementor-type=\"wp-page\" data-elementor-id=\"144\" class=\"elementor elementor-144\" data-elementor-post-type=\"page\">\n\t\t\t\t\t\t<section class=\"elementor-section elementor-top-section elementor-element elementor-element-8b3b5a elementor-section-boxed elementor-section-height-default elementor-section-height-default\" data-id=\"8b3b5a\" data-element_type=\"section\" data-e-type=\"section\">\n\t\t\t\t\t\t<div class=\"elementor-container elementor-column-gap-default\">\n\t\t\t\t\t<div class=\"elementor-column elementor-col-100 elementor-top-column elementor-element elementor-element-1a06eaff\" data-id=\"1a06eaff\" data-element_type=\"column\" data-e-type=\"column\">\n\t\t\t<div class=\"elementor-widget-wrap elementor-element-populated\">\n\t\t\t\t\t\t<div class=\"elementor-element elementor-element-db3bda0 elementor-widget elementor-widget-heading\" data-id=\"db3bda0\" data-element_type=\"widget\" data-e-type=\"widget\" data-widget_type=\"heading.default\">\n\t\t\t\t<div class=\"elementor-widget-container\">\n\t\t\t\t\t<h2 class=\"elementor-heading-title elementor-size-default\">\u00bfQu\u00e9 es Cohousing Senior?<\/h2>\t\t\t\t<\/div>\n\t\t\t\t<\/div>\n\t\t\t\t<div class=\"elementor-element elementor-element-464c9b99 elementor-widget elementor-widget-text-editor\" data-id=\"464c9b99\" data-element_type=\"widget\" data-e-type=\"widget\" data-widget_type=\"text-editor.default\">\n\t\t\t\t<div class=\"elementor-widget-container\">\n\t\t\t\t\t\t\t\t\t<p><\/p>\n<p>El importante incremento que ha experimentado la esperanza de vida en nuestros tiempos, ha planteado la necesidad de <strong>prever y afrontar el futuro<\/strong> de las personas a partir de determinada edad. Dado que la Administraci\u00f3n del Estado dif\u00edcilmente podr\u00e1 procurar la creaci\u00f3n de centros p\u00fablicos suficientes para atender sus necesidades, es la propia sociedad la que debe efectuar las previsiones necesarias para cubrir el largo periodo de vida previsible a partir de la <strong>edad de jubilaci\u00f3n.<\/strong><\/p>\n<p>En GSO ABOGADOS trabajamos desde una perspectiva completamente distinta:<\/p>\n<p><\/p>\n<p><\/p>\t\t\t\t\t\t\t\t<\/div>\n\t\t\t\t<\/div>\n\t\t\t\t\t<\/div>\n\t\t<\/div>\n\t\t\t\t\t<\/div>\n\t\t<\/section>\n\t\t\t\t<section class=\"elementor-section elementor-top-section elementor-element elementor-element-30dd841 elementor-section-boxed elementor-section-height-default elementor-section-height-default\" data-id=\"30dd841\" data-element_type=\"section\" data-e-type=\"section\">\n\t\t\t\t\t\t<div class=\"elementor-container elementor-column-gap-default\">\n\t\t\t\t\t<div class=\"elementor-column elementor-col-33 elementor-top-column elementor-element elementor-element-e090ef1\" data-id=\"e090ef1\" data-element_type=\"column\" data-e-type=\"column\">\n\t\t\t<div class=\"elementor-widget-wrap elementor-element-populated\">\n\t\t\t\t\t\t<div class=\"elementor-element elementor-element-44601c7 elementor-widget elementor-widget-image\" data-id=\"44601c7\" data-element_type=\"widget\" data-e-type=\"widget\" data-widget_type=\"image.default\">\n\t\t\t\t<div class=\"elementor-widget-container\">\n\t\t\t\t\t\t\t\t\t\t\t\t\t\t\t<img fetchpriority=\"high\" decoding=\"async\" width=\"870\" height=\"580\" src=\"https:\/\/gsoabogados.com\/wp-content\/uploads\/2023\/03\/cohousing-senior.jpg\" class=\"attachment-2048x2048 size-2048x2048 wp-image-146\" alt=\"\" srcset=\"https:\/\/gsoabogados.com\/wp-content\/uploads\/2023\/03\/cohousing-senior.jpg 870w, https:\/\/gsoabogados.com\/wp-content\/uploads\/2023\/03\/cohousing-senior-300x200.jpg 300w, https:\/\/gsoabogados.com\/wp-content\/uploads\/2023\/03\/cohousing-senior-768x512.jpg 768w, https:\/\/gsoabogados.com\/wp-content\/uploads\/2023\/03\/cohousing-senior-40x27.jpg 40w, https:\/\/gsoabogados.com\/wp-content\/uploads\/2023\/03\/cohousing-senior-55x37.jpg 55w, https:\/\/gsoabogados.com\/wp-content\/uploads\/2023\/03\/cohousing-senior-100x67.jpg 100w\" sizes=\"(max-width: 870px) 100vw, 870px\" \/>\t\t\t\t\t\t\t\t\t\t\t\t\t\t\t<\/div>\n\t\t\t\t<\/div>\n\t\t\t\t\t<\/div>\n\t\t<\/div>\n\t\t\t\t<div class=\"elementor-column elementor-col-66 elementor-top-column elementor-element elementor-element-751847a\" data-id=\"751847a\" data-element_type=\"column\" data-e-type=\"column\">\n\t\t\t<div class=\"elementor-widget-wrap elementor-element-populated\">\n\t\t\t\t\t\t<div class=\"elementor-element elementor-element-64612e5 elementor-widget elementor-widget-text-editor\" data-id=\"64612e5\" data-element_type=\"widget\" data-e-type=\"widget\" data-widget_type=\"text-editor.default\">\n\t\t\t\t<div class=\"elementor-widget-container\">\n\t\t\t\t\t\t\t\t\t<p>\u00a0<\/p>\n<p>Ofrecemos un modelo sostenible de envejecimiento activo basado en <strong>viviendas colaborativas<\/strong>, buscando una alternativa a los habituales centros residenciales que normalmente se encuentran gestionados a trav\u00e9s de modelos asistenciales y orientados a un envejecimiento pasivo.<\/p>\n<p>Proponemos un modelo de <strong>ayuda mutua<\/strong>, que recoge de manera eficaz las necesidades de las personas mayores y plantea un cambio de paradigma: del asistencialismo a la vida activa y emprendedora, promoviendo la solidaridad y la convivencia entre sus miembros.\u00a0<\/p>\t\t\t\t\t\t\t\t<\/div>\n\t\t\t\t<\/div>\n\t\t\t\t\t<\/div>\n\t\t<\/div>\n\t\t\t\t\t<\/div>\n\t\t<\/section>\n\t\t\t\t<section class=\"elementor-section elementor-top-section elementor-element elementor-element-1d6b8fe elementor-section-boxed elementor-section-height-default elementor-section-height-default\" data-id=\"1d6b8fe\" data-element_type=\"section\" data-e-type=\"section\">\n\t\t\t\t\t\t<div class=\"elementor-container elementor-column-gap-default\">\n\t\t\t\t\t<div class=\"elementor-column elementor-col-100 elementor-top-column elementor-element elementor-element-a800311\" data-id=\"a800311\" data-element_type=\"column\" data-e-type=\"column\">\n\t\t\t<div class=\"elementor-widget-wrap elementor-element-populated\">\n\t\t\t\t\t\t<div class=\"elementor-element elementor-element-7e167f8 elementor-align-center elementor-widget elementor-widget-button\" data-id=\"7e167f8\" data-element_type=\"widget\" data-e-type=\"widget\" data-widget_type=\"button.default\">\n\t\t\t\t<div class=\"elementor-widget-container\">\n\t\t\t\t\t\t\t\t\t<div class=\"elementor-button-wrapper\">\n\t\t\t\t\t<a class=\"elementor-button elementor-button-link elementor-size-sm\" href=\"https:\/\/gsoabogados.com\/index.php\/2023\/03\/07\/modelo\/\">\n\t\t\t\t\t\t<span class=\"elementor-button-content-wrapper\">\n\t\t\t\t\t\t\t\t\t<span class=\"elementor-button-text\">Saber m\u00e1s<\/span>\n\t\t\t\t\t<\/span>\n\t\t\t\t\t<\/a>\n\t\t\t\t<\/div>\n\t\t\t\t\t\t\t\t<\/div>\n\t\t\t\t<\/div>\n\t\t\t\t\t<\/div>\n\t\t<\/div>\n\t\t\t\t\t<\/div>\n\t\t<\/section>\n\t\t\t\t<section class=\"elementor-section elementor-top-section elementor-element elementor-element-4c37d58 elementor-section-boxed elementor-section-height-default elementor-section-height-default\" data-id=\"4c37d58\" data-element_type=\"section\" data-e-type=\"section\">\n\t\t\t\t\t\t<div class=\"elementor-container elementor-column-gap-default\">\n\t\t\t\t\t<div class=\"elementor-column elementor-col-100 elementor-top-column elementor-element elementor-element-d554048\" data-id=\"d554048\" data-element_type=\"column\" data-e-type=\"column\">\n\t\t\t<div class=\"elementor-widget-wrap\">\n\t\t\t\t\t\t\t<\/div>\n\t\t<\/div>\n\t\t\t\t\t<\/div>\n\t\t<\/section>\n\t\t\t\t<\/div>\n\t\t","protected":false},"excerpt":{"rendered":"<p>\u00bfQu\u00e9 es Cohousing Senior? El importante incremento que ha experimentado la esperanza de vida en nuestros tiempos, ha planteado la necesidad de prever y afrontar el futuro de las personas a partir de determinada edad. Dado que la Administraci\u00f3n del Estado dif\u00edcilmente podr\u00e1 procurar la creaci\u00f3n de centros p\u00fablicos suficientes para atender sus necesidades, es [&hellip;]<\/p>\n","protected":false},"author":1,"featured_media":0,"parent":0,"menu_order":0,"comment_status":"closed","ping_status":"closed","template":"","meta":{"footnotes":""},"class_list":["post-144","page","type-page","status-publish","hentry"],"_links":{"self":[{"href":"https:\/\/gsoabogados.com\/index.php\/wp-json\/wp\/v2\/pages\/144","targetHints":{"allow":["GET"]}}],"collection":[{"href":"https:\/\/gsoabogados.com\/index.php\/wp-json\/wp\/v2\/pages"}],"about":[{"href":"https:\/\/gsoabogados.com\/index.php\/wp-json\/wp\/v2\/types\/page"}],"author":[{"embeddable":true,"href":"https:\/\/gsoabogados.com\/index.php\/wp-json\/wp\/v2\/users\/1"}],"replies":[{"embeddable":true,"href":"https:\/\/gsoabogados.com\/index.php\/wp-json\/wp\/v2\/comments?post=144"}],"version-history":[{"count":17,"href":"https:\/\/gsoabogados.com\/index.php\/wp-json\/wp\/v2\/pages\/144\/revisions"}],"predecessor-version":[{"id":356,"href":"https:\/\/gsoabogados.com\/index.php\/wp-json\/wp\/v2\/pages\/144\/revisions\/356"}],"wp:attachment":[{"href":"https:\/\/gsoabogados.com\/index.php\/wp-json\/wp\/v2\/media?parent=144"}],"curies":[{"name":"wp","href":"https:\/\/api.w.org\/{rel}","templated":true}]}}