{"id":66,"date":"2023-02-27T18:01:54","date_gmt":"2023-02-27T18:01:54","guid":{"rendered":"https:\/\/gsoabogados.com\/?page_id=66"},"modified":"2023-05-31T09:11:25","modified_gmt":"2023-05-31T09:11:25","slug":"areas-de-actuacion","status":"publish","type":"page","link":"https:\/\/gsoabogados.com\/index.php\/areas-de-actuacion\/","title":{"rendered":"El Despacho"},"content":{"rendered":"\t\t<div data-elementor-type=\"wp-page\" data-elementor-id=\"66\" class=\"elementor elementor-66\" data-elementor-post-type=\"page\">\n\t\t\t\t\t\t<section class=\"elementor-section elementor-top-section elementor-element elementor-element-8b3b5a elementor-section-boxed elementor-section-height-default elementor-section-height-default\" data-id=\"8b3b5a\" data-element_type=\"section\" data-e-type=\"section\">\n\t\t\t\t\t\t<div class=\"elementor-container elementor-column-gap-default\">\n\t\t\t\t\t<div class=\"elementor-column elementor-col-100 elementor-top-column elementor-element elementor-element-1a06eaff\" data-id=\"1a06eaff\" data-element_type=\"column\" data-e-type=\"column\">\n\t\t\t<div class=\"elementor-widget-wrap elementor-element-populated\">\n\t\t\t\t\t\t<div class=\"elementor-element elementor-element-464c9b99 elementor-widget elementor-widget-text-editor\" data-id=\"464c9b99\" data-element_type=\"widget\" data-e-type=\"widget\" data-widget_type=\"text-editor.default\">\n\t\t\t\t<div class=\"elementor-widget-container\">\n\t\t\t\t\t\t\t\t\t<p><\/p>\n<p>Nuestro despacho fue fundado en 1957 por Antonio Gonz\u00e1lez S\u00e1enz, que se inici\u00f3 en el ejercicio tradicional de la Abogac\u00eda, dedic\u00e1ndose fundamentalmente al Derecho Privado de forma individual hasta 1987, en que sus hijos comenzaron a incorporarse a la profesi\u00f3n. En el a\u00f1o 2000 sus componentes se constituyeron en sociedad civil para el ejercicio de la actividad profesional, bajo el nombre de <b>Gonz\u00e1lez S\u00e1enz-Gonz\u00e1lez Ortega Abogados (GSO ABOGADOS)<\/b>, siendo actualmente una sociedad civil profesional.<\/p>\n<p>A lo largo de su existencia el Bufete ha mantenido una estrecha colaboraci\u00f3n con el <b>Colegio de Abogados de M\u00e1laga<\/b>, perteneciendo sus miembros en varias ocasiones a la Junta de Gobierno, llegando su fundador a ocupar el puesto de Vicedecano de la Instituci\u00f3n en el quinquenio 1989-1994 y comisiones delegadas, colaboraci\u00f3n que se mantiene en la actualidad.<\/p>\n<p><\/p>\n<p><\/p>\t\t\t\t\t\t\t\t<\/div>\n\t\t\t\t<\/div>\n\t\t\t\t\t<\/div>\n\t\t<\/div>\n\t\t\t\t\t<\/div>\n\t\t<\/section>\n\t\t\t\t<section class=\"elementor-section elementor-top-section elementor-element elementor-element-9f65545 elementor-section-boxed elementor-section-height-default elementor-section-height-default\" data-id=\"9f65545\" data-element_type=\"section\" data-e-type=\"section\">\n\t\t\t\t\t\t<div class=\"elementor-container elementor-column-gap-default\">\n\t\t\t\t\t<div class=\"elementor-column elementor-col-50 elementor-top-column elementor-element elementor-element-16558cd\" data-id=\"16558cd\" data-element_type=\"column\" data-e-type=\"column\">\n\t\t\t<div class=\"elementor-widget-wrap elementor-element-populated\">\n\t\t\t\t\t\t<div class=\"elementor-element elementor-element-bbf330b elementor-widget elementor-widget-image\" data-id=\"bbf330b\" data-element_type=\"widget\" data-e-type=\"widget\" data-widget_type=\"image.default\">\n\t\t\t\t<div class=\"elementor-widget-container\">\n\t\t\t\t\t\t\t\t\t\t\t\t\t\t\t<img fetchpriority=\"high\" decoding=\"async\" width=\"640\" height=\"640\" src=\"https:\/\/gsoabogados.com\/wp-content\/uploads\/2023\/02\/home-img-1.jpg\" class=\"attachment-large size-large wp-image-20\" alt=\"\" \/>\t\t\t\t\t\t\t\t\t\t\t\t\t\t\t<\/div>\n\t\t\t\t<\/div>\n\t\t\t\t\t<\/div>\n\t\t<\/div>\n\t\t\t\t<div class=\"elementor-column elementor-col-50 elementor-top-column elementor-element elementor-element-65488d5\" data-id=\"65488d5\" data-element_type=\"column\" data-e-type=\"column\">\n\t\t\t<div class=\"elementor-widget-wrap elementor-element-populated\">\n\t\t\t\t\t\t<div class=\"elementor-element elementor-element-6453cc6 elementor-widget elementor-widget-text-editor\" data-id=\"6453cc6\" data-element_type=\"widget\" data-e-type=\"widget\" data-widget_type=\"text-editor.default\">\n\t\t\t\t<div class=\"elementor-widget-container\">\n\t\t\t\t\t\t\t\t\t<p><img decoding=\"async\" class=\"wp-image-322  alignleft\" src=\"https:\/\/gsoabogados.com\/wp-content\/uploads\/2023\/05\/ANTONIO-GSO-ABOGADOS-200x300.jpg\" alt=\"\" width=\"223\" height=\"335\" srcset=\"https:\/\/gsoabogados.com\/wp-content\/uploads\/2023\/05\/ANTONIO-GSO-ABOGADOS-200x300.jpg 200w, https:\/\/gsoabogados.com\/wp-content\/uploads\/2023\/05\/ANTONIO-GSO-ABOGADOS-27x40.jpg 27w, https:\/\/gsoabogados.com\/wp-content\/uploads\/2023\/05\/ANTONIO-GSO-ABOGADOS-37x55.jpg 37w, https:\/\/gsoabogados.com\/wp-content\/uploads\/2023\/05\/ANTONIO-GSO-ABOGADOS-67x100.jpg 67w, https:\/\/gsoabogados.com\/wp-content\/uploads\/2023\/05\/ANTONIO-GSO-ABOGADOS.jpg 600w\" sizes=\"(max-width: 223px) 100vw, 223px\" \/><\/p>\n<p><img decoding=\"async\" class=\"alignnone  wp-image-323\" src=\"https:\/\/gsoabogados.com\/wp-content\/uploads\/2023\/05\/CELIA-GSO-ABOGADOS-217x300.jpg\" alt=\"\" width=\"222\" height=\"307\" srcset=\"https:\/\/gsoabogados.com\/wp-content\/uploads\/2023\/05\/CELIA-GSO-ABOGADOS-217x300.jpg 217w, https:\/\/gsoabogados.com\/wp-content\/uploads\/2023\/05\/CELIA-GSO-ABOGADOS-29x40.jpg 29w, https:\/\/gsoabogados.com\/wp-content\/uploads\/2023\/05\/CELIA-GSO-ABOGADOS-40x55.jpg 40w, https:\/\/gsoabogados.com\/wp-content\/uploads\/2023\/05\/CELIA-GSO-ABOGADOS-72x100.jpg 72w, https:\/\/gsoabogados.com\/wp-content\/uploads\/2023\/05\/CELIA-GSO-ABOGADOS.jpg 600w\" sizes=\"(max-width: 222px) 100vw, 222px\" \/><\/p>\n<p>\u00a0<\/p>\n<p>\u00a0<\/p>\n<p>\u00a0<\/p>\n<p>\u00a0<\/p>\t\t\t\t\t\t\t\t<\/div>\n\t\t\t\t<\/div>\n\t\t\t\t\t<\/div>\n\t\t<\/div>\n\t\t\t\t\t<\/div>\n\t\t<\/section>\n\t\t\t\t<section class=\"elementor-section elementor-top-section elementor-element elementor-element-0dc6365 elementor-section-boxed elementor-section-height-default elementor-section-height-default\" data-id=\"0dc6365\" data-element_type=\"section\" data-e-type=\"section\">\n\t\t\t\t\t\t<div class=\"elementor-container elementor-column-gap-default\">\n\t\t\t\t\t<div class=\"elementor-column elementor-col-100 elementor-top-column elementor-element elementor-element-e420b51\" data-id=\"e420b51\" data-element_type=\"column\" data-e-type=\"column\">\n\t\t\t<div class=\"elementor-widget-wrap elementor-element-populated\">\n\t\t\t\t\t\t<div class=\"elementor-element elementor-element-fc1f318 elementor-widget elementor-widget-text-editor\" data-id=\"fc1f318\" data-element_type=\"widget\" data-e-type=\"widget\" data-widget_type=\"text-editor.default\">\n\t\t\t\t<div class=\"elementor-widget-container\">\n\t\t\t\t\t\t\t\t\t<p><span style=\"text-align: start;\">Como especialidad el Despacho ha abordado, en el \u00e1mbito de la Comunidad Aut\u00f3noma Andaluza, la puesta en funcionamiento de\u00a0<\/span><span style=\"text-align: start; text-decoration-line: underline;\"><span style=\"color: #008080;\"><a style=\"color: #008080;\" href=\"https:\/\/gsoabogados.com\/index.php\/2023\/03\/07\/modelo\/\">Cohousing Senior en R\u00e9gimen de Cooperativas<\/a><\/span><\/span><span style=\"text-align: start;\">, inaugur\u00e1ndose en 1999 el primero de estos Cohousing llamado \u201cResidencial Santa Clara\u201d, situado en los Montes de M\u00e1laga a cinco minutos del centro de la ciudad, que cuenta con setenta y seis apartamentos, piscina, amplios jardines, servicios m\u00e9dicos, de enfermer\u00eda, fisioterapia, talleres ocupacionales, etc. Con posterioridad ha gestionado el Cohousing \u201cResidencial Puerto de la Luz\u201d, de similares caracter\u00edsticas, situado en la Barriada de Puerto de la Torre de esta Capital. Actualmente prepara otros Cohousing Senior semejantes.<\/span><br \/><br \/>Siguiendo las directrices de su fundador, fallecido en junio de 2004, los miembros del Despacho apuestan prioritariamente por la soluci\u00f3n convencional de los conflictos sin descartar el acceso a la v\u00eda judicial en aquellos casos en que el asunto o el inter\u00e9s del cliente as\u00ed lo demanden, con respeto en todo caso a la Deontolog\u00eda profesional.<\/p>\n<p>Somos partidarios de la llamada <b>abogac\u00eda preventiva o asesoramiento jur\u00eddico previo<\/b> a la realizaci\u00f3n de negocios jur\u00eddicos, porque<b> su aplicaci\u00f3n evita la mayor parte de la conflictividad judicial.<\/b><\/p>\n<p>Ofrecemos a nuestros clientes<b> atenci\u00f3n personalizada, \u00e1gil y directa<\/b> con independencia de la cuant\u00eda de los intereses en juego, aport\u00e1ndoles en cada caso la soluci\u00f3n m\u00e1s rentable y adecuada a sus necesidades.<\/p>\n<p>Contamos con despachos colaboradores en las \u00e1reas de actuaci\u00f3n que no abordamos directamente, as\u00ed como en otras capitales espa\u00f1olas.<\/p>\t\t\t\t\t\t\t\t<\/div>\n\t\t\t\t<\/div>\n\t\t\t\t\t<\/div>\n\t\t<\/div>\n\t\t\t\t\t<\/div>\n\t\t<\/section>\n\t\t\t\t<\/div>\n\t\t","protected":false},"excerpt":{"rendered":"<p>Nuestro despacho fue fundado en 1957 por Antonio Gonz\u00e1lez S\u00e1enz, que se inici\u00f3 en el ejercicio tradicional de la Abogac\u00eda, dedic\u00e1ndose fundamentalmente al Derecho Privado de forma individual hasta 1987, en que sus hijos comenzaron a incorporarse a la profesi\u00f3n. En el a\u00f1o 2000 sus componentes se constituyeron en sociedad civil para el ejercicio de [&hellip;]<\/p>\n","protected":false},"author":1,"featured_media":0,"parent":0,"menu_order":0,"comment_status":"closed","ping_status":"closed","template":"","meta":{"footnotes":""},"class_list":["post-66","page","type-page","status-publish","hentry"],"_links":{"self":[{"href":"https:\/\/gsoabogados.com\/index.php\/wp-json\/wp\/v2\/pages\/66","targetHints":{"allow":["GET"]}}],"collection":[{"href":"https:\/\/gsoabogados.com\/index.php\/wp-json\/wp\/v2\/pages"}],"about":[{"href":"https:\/\/gsoabogados.com\/index.php\/wp-json\/wp\/v2\/types\/page"}],"author":[{"embeddable":true,"href":"https:\/\/gsoabogados.com\/index.php\/wp-json\/wp\/v2\/users\/1"}],"replies":[{"embeddable":true,"href":"https:\/\/gsoabogados.com\/index.php\/wp-json\/wp\/v2\/comments?post=66"}],"version-history":[{"count":24,"href":"https:\/\/gsoabogados.com\/index.php\/wp-json\/wp\/v2\/pages\/66\/revisions"}],"predecessor-version":[{"id":326,"href":"https:\/\/gsoabogados.com\/index.php\/wp-json\/wp\/v2\/pages\/66\/revisions\/326"}],"wp:attachment":[{"href":"https:\/\/gsoabogados.com\/index.php\/wp-json\/wp\/v2\/media?parent=66"}],"curies":[{"name":"wp","href":"https:\/\/api.w.org\/{rel}","templated":true}]}}

<div data-elementor-type="wp-page" data-elementor-id="66" class="elementor elementor-66" data-elementor-post-type="page">
						<section class="elementor-section elementor-top-section elementor-element elementor-element-8b3b5a elementor-section-boxed elementor-section-height-default elementor-section-height-default" data-id="8b3b5a" data-element_type="section" data-e-type="section">
						<div class="elementor-container elementor-column-gap-default">
					<div class="elementor-column elementor-col-100 elementor-top-column elementor-element elementor-element-1a06eaff" data-id="1a06eaff" data-element_type="column" data-e-type="column">
			<div class="elementor-widget-wrap elementor-element-populated">
						<div class="elementor-element elementor-element-464c9b99 elementor-widget elementor-widget-text-editor" data-id="464c9b99" data-element_type="widget" data-e-type="widget" data-widget_type="text-editor.default">
				<div class="elementor-widget-container">
									<p></p>
<p>Nuestro despacho fue fundado en 1957 por Antonio González Sáenz, que se inició en el ejercicio tradicional de la Abogacía, dedicándose fundamentalmente al Derecho Privado de forma individual hasta 1987, en que sus hijos comenzaron a incorporarse a la profesión. En el año 2000 sus componentes se constituyeron en sociedad civil para el ejercicio de la actividad profesional, bajo el nombre de <b>González Sáenz-González Ortega Abogados (GSO ABOGADOS)</b>, siendo actualmente una sociedad civil profesional.</p>
<p>A lo largo de su existencia el Bufete ha mantenido una estrecha colaboración con el <b>Colegio de Abogados de Málaga</b>, perteneciendo sus miembros en varias ocasiones a la Junta de Gobierno, llegando su fundador a ocupar el puesto de Vicedecano de la Institución en el quinquenio 1989-1994 y comisiones delegadas, colaboración que se mantiene en la actualidad.</p>
<p></p>
<p></p>								</div>
				</div>
					</div>
		</div>
					</div>
		</section>
				<section class="elementor-section elementor-top-section elementor-element elementor-element-9f65545 elementor-section-boxed elementor-section-height-default elementor-section-height-default" data-id="9f65545" data-element_type="section" data-e-type="section">
						<div class="elementor-container elementor-column-gap-default">
					<div class="elementor-column elementor-col-50 elementor-top-column elementor-element elementor-element-16558cd" data-id="16558cd" data-element_type="column" data-e-type="column">
			<div class="elementor-widget-wrap elementor-element-populated">
						<div class="elementor-element elementor-element-bbf330b elementor-widget elementor-widget-image" data-id="bbf330b" data-element_type="widget" data-e-type="widget" data-widget_type="image.default">
				<div class="elementor-widget-container">
															<img fetchpriority="high" decoding="async" width="640" height="640" src="https://gsoabogados.com/wp-content/uploads/2023/02/home-img-1.jpg" class="attachment-large size-large wp-image-20" alt="" />															</div>
				</div>
					</div>
		</div>
				<div class="elementor-column elementor-col-50 elementor-top-column elementor-element elementor-element-65488d5" data-id="65488d5" data-element_type="column" data-e-type="column">
			<div class="elementor-widget-wrap elementor-element-populated">
						<div class="elementor-element elementor-element-6453cc6 elementor-widget elementor-widget-text-editor" data-id="6453cc6" data-element_type="widget" data-e-type="widget" data-widget_type="text-editor.default">
				<div class="elementor-widget-container">
									<p><img decoding="async" class="wp-image-322  alignleft" src="https://gsoabogados.com/wp-content/uploads/2023/05/ANTONIO-GSO-ABOGADOS-200x300.jpg" alt="" width="223" height="335" srcset="https://gsoabogados.com/wp-content/uploads/2023/05/ANTONIO-GSO-ABOGADOS-200x300.jpg 200w, https://gsoabogados.com/wp-content/uploads/2023/05/ANTONIO-GSO-ABOGADOS-27x40.jpg 27w, https://gsoabogados.com/wp-content/uploads/2023/05/ANTONIO-GSO-ABOGADOS-37x55.jpg 37w, https://gsoabogados.com/wp-content/uploads/2023/05/ANTONIO-GSO-ABOGADOS-67x100.jpg 67w, https://gsoabogados.com/wp-content/uploads/2023/05/ANTONIO-GSO-ABOGADOS.jpg 600w" sizes="(max-width: 223px) 100vw, 223px" /></p>
<p><img decoding="async" class="alignnone  wp-image-323" src="https://gsoabogados.com/wp-content/uploads/2023/05/CELIA-GSO-ABOGADOS-217x300.jpg" alt="" width="222" height="307" srcset="https://gsoabogados.com/wp-content/uploads/2023/05/CELIA-GSO-ABOGADOS-217x300.jpg 217w, https://gsoabogados.com/wp-content/uploads/2023/05/CELIA-GSO-ABOGADOS-29x40.jpg 29w, https://gsoabogados.com/wp-content/uploads/2023/05/CELIA-GSO-ABOGADOS-40x55.jpg 40w, https://gsoabogados.com/wp-content/uploads/2023/05/CELIA-GSO-ABOGADOS-72x100.jpg 72w, https://gsoabogados.com/wp-content/uploads/2023/05/CELIA-GSO-ABOGADOS.jpg 600w" sizes="(max-width: 222px) 100vw, 222px" /></p>
<p> </p>
<p> </p>
<p> </p>
<p> </p>								</div>
				</div>
					</div>
		</div>
					</div>
		</section>
				<section class="elementor-section elementor-top-section elementor-element elementor-element-0dc6365 elementor-section-boxed elementor-section-height-default elementor-section-height-default" data-id="0dc6365" data-element_type="section" data-e-type="section">
						<div class="elementor-container elementor-column-gap-default">
					<div class="elementor-column elementor-col-100 elementor-top-column elementor-element elementor-element-e420b51" data-id="e420b51" data-element_type="column" data-e-type="column">
			<div class="elementor-widget-wrap elementor-element-populated">
						<div class="elementor-element elementor-element-fc1f318 elementor-widget elementor-widget-text-editor" data-id="fc1f318" data-element_type="widget" data-e-type="widget" data-widget_type="text-editor.default">
				<div class="elementor-widget-container">
									<p><span style="text-align: start;">Como especialidad el Despacho ha abordado, en el ámbito de la Comunidad Autónoma Andaluza, la puesta en funcionamiento de </span><span style="text-align: start; text-decoration-line: underline;"><span style="color: #008080;"><a style="color: #008080;" href="https://gsoabogados.com/index.php/2023/03/07/modelo/">Cohousing Senior en Régimen de Cooperativas</a></span></span><span style="text-align: start;">, inaugurándose en 1999 el primero de estos Cohousing llamado “Residencial Santa Clara”, situado en los Montes de Málaga a cinco minutos del centro de la ciudad, que cuenta con setenta y seis apartamentos, piscina, amplios jardines, servicios médicos, de enfermería, fisioterapia, talleres ocupacionales, etc. Con posterioridad ha gestionado el Cohousing “Residencial Puerto de la Luz”, de similares características, situado en la Barriada de Puerto de la Torre de esta Capital. Actualmente prepara otros Cohousing Senior semejantes.</span><br /><br />Siguiendo las directrices de su fundador, fallecido en junio de 2004, los miembros del Despacho apuestan prioritariamente por la solución convencional de los conflictos sin descartar el acceso a la vía judicial en aquellos casos en que el asunto o el interés del cliente así lo demanden, con respeto en todo caso a la Deontología profesional.</p>
<p>Somos partidarios de la llamada <b>abogacía preventiva o asesoramiento jurídico previo</b> a la realización de negocios jurídicos, porque<b> su aplicación evita la mayor parte de la conflictividad judicial.</b></p>
<p>Ofrecemos a nuestros clientes<b> atención personalizada, ágil y directa</b> con independencia de la cuantía de los intereses en juego, aportándoles en cada caso la solución más rentable y adecuada a sus necesidades.</p>
<p>Contamos con despachos colaboradores en las áreas de actuación que no abordamos directamente, así como en otras capitales españolas.</p>								</div>
				</div>
					</div>
		</div>
					</div>
		</section>
				</div>

<p>Nuestro despacho fue fundado en 1957 por Antonio González Sáenz, que se inició en el ejercicio tradicional de la Abogacía, dedicándose fundamentalmente al Derecho Privado de forma individual hasta 1987, en que sus hijos comenzaron a incorporarse a la profesión. En el año 2000 sus componentes se constituyeron en sociedad civil para el ejercicio de [&hellip;]</p>
